ime?
True
Let h = 191 + -132. Suppose -c + 10 = 3*s - h, s - 23 = 2*c. Is s a composite number?
False
Let h be (27/(-12))/((-6)/160). Suppose -3*m + 3*s + h = 0, 4*s + 17 = 2*m - m. Is m composite?
True
Let w(o) = 13*o**3 + o**2 - o + 1. Let q be 3/5 + 8/20. Is w(q) a composite number?
True
Let z = 387 - -298. Is z prime?
False
Is 574968/360 + (-2)/15 composite?
False
Is ((-1)/(-3))/((-2)/(-978)) a composite number?
False
Let h(w) = w**2 + 21*w + 9. Is h(-22) a composite number?
False
Suppose 1402 = 2*z - 432. Is z composite?
True
Suppose -a + 4 = 3. Suppose 0 = 3*g - a + 4. Is (-132 + g)*(-1 - 0) prime?
False
Suppose -4*w = w - 1000. Suppose -h = -6*h + w. Suppose 2*x - 294 + h = 0. Is x composite?
False
Suppose 0 = 2*g - 4*q + 8 - 0, g + 12 = 4*q. Suppose -2*a - 314 = -4*s, g*s + 2*a - 302 = -0*s. Is s a composite number?
True
Let w(i) = i**3 + 25*i**2 - 8*i - 17. Is w(-18) prime?
False
Suppose -15 + 103 = 4*f. Is f a prime number?
False
Let f(a) = 26 + 40 - a + 17. Let j be f(0). Suppose 5*z - j = 4*z. Is z a composite number?
False
Suppose 2*s + 1 = -4*q + 5, 0 = q - s - 7. Suppose -3*i + 5*g + 811 = 122, q*g = -5*i + 1103. Is i a composite number?
False
Let x be (1 - 4)/((-6)/4). Suppose c + x*c = 339. Is c prime?
True
Let v = 185 + 402. Is v a composite number?
False
Let b be (-13)/((-1)/2 - 0). Suppose 3*n + 80 = 5*l, -4*l + 11 + b = 3*n. Is l a prime number?
True
Let n = 168 - 62. Is n a prime number?
False
Let l = -58 - -10. Let a = l + 92. Suppose -4*b + 0*b = -a. Is b prime?
True
Let l = -815 + 1482. Is l a composite number?
True
Let d(o) = 2437*o**2 + 3. Let g be d(2). Is g/(-14)*2*-1 composite?
True
Suppose -2*z + 0*z = 0. Suppose z = 3*j - 4*j + 26. Is j composite?
True
Suppose 3*r = 4*r - 518. Suppose 0 = 3*s - r - 259. Is s a composite number?
True
Suppose -5*u - 76 = -606. Let g be -1 - (-5 + -1 + 2). Suppose w - u + 33 = -2*l, l + g*w - 34 = 0. Is l composite?
False
Let u = 340 - 177. Is u a prime number?
True
Is (-2)/7 - (-4 + 12165/(-21)) a prime number?
False
Suppose 0 = 5*i - 2*i - 543. Is i a prime number?
True
Let z = 55 - -24. Is z a composite number?
False
Is (-4)/(-2 + -2) + (-3 - -6641) a prime number?
False
Let i(z) = -3*z**3 + 2*z**2 - z + 8. Let s(f) = f**3 - f**2 + 1. Let r(d) = i(d) + 2*s(d). Let v be r(0). Is 2*(v/4 + 2) a composite number?
True
Let v = -275 + 436. Is v a prime number?
False
Suppose 0*w - 5 = 5*w. Let l(d) = -2*d**2 + d. Let i be l(w). Let b = i + 5. Is b a composite number?
False
Let t(o) = -12*o**3 + 2*o**2 - o - 3 + 2 - 4*o**2. Let f be t(-2). Suppose -3*l + 10 = 22, 3*l = v - f. Is v a prime number?
False
Suppose -3*w + n = -0*n - 15, 0 = -2*n. Suppose j - w*f = 54, 3*f = -3*j + 6*j - 114. Is j a composite number?
True
Suppose -3*j + 3 + 6 = 0. Suppose -q + 3*u + j = 0, 0 - 9 = -3*q + 3*u. Suppose 2*a - a + 454 = 4*t, -q*a = 5*t - 559. Is t composite?
False
Let j(o) = -o**3 + o**2 - 3*o - 9. Is j(-4) prime?
True
Let y = -2 + 7. Let w(f) = 4*f**2 - 2*f. Let u be w(-2). Suppose -5*q + 960 = 5*b, -u = -4*q - y*b + 749. Is q composite?
False
Suppose 3*f - 4*x + 2 = 0, -5*f + 2*f = -3*x. Suppose w + 2*r = -2 - f, 4*r + 36 = 5*w. Is w a composite number?
True
Suppose 4*r = 3*o - 271 - 138, -5*o + 699 = 2*r. Is o composite?
False
Suppose -9*t + 5585 = -4*t. Is t composite?
False
Let d(x) = -x**2 - 8*x + 5. Let i be -3 + 1*(0 - 5). Let m be d(i). Suppose 56 = m*t - t. Is t a prime number?
False
Let g(d) = d + 3. Let j(r) = -1. Let n(l) = 2*g(l) + 9*j(l). Let a be n(4). Suppose -18 - 12 = -a*z. Is z a prime number?
False
Let d(f) = -f**2 - 13*f - 15. Is d(-10) prime?
False
Let v = 443 - 316. Is v composite?
False
Suppose 3*p + s - 13 = 0, -3*s = -4*p + 10 + 3. Is (-18)/15*(-590)/p composite?
True
Let h = -14 - -21. Suppose -131 + h = -4*d. Is d prime?
True
Let d(a) = a**3 + 7*a**2 + 5*a - 8. Let q be d(-6). Suppose 5*v - s + 10 = -5*s, 4*v - 5*s = -8. Is (-5 + q)/(v/22) a composite number?
True
Let t = 53 + 6. Is t a composite number?
False
Let k(b) = -b - 4. Let h be k(-8). Let t(d) = 39*d**2 + d - 5. Is t(h) a prime number?
False
Let z = 217 - 115. Is ((-35)/(-21))/(2/z) a prime number?
False
Let j(c) = -c**2 - 2*c - 1. Let a be j(-1). Suppose 3*p + p - 8 = -2*v, 2*p = 3*v - 4. Suppose -4*m + 224 = -v*m + 2*k, a = 2*k + 2. Is m composite?
False
Suppose 5*u - 650 = 1055. Is u prime?
False
Suppose 3*h - v = 386, 2*h - 79 = -2*v + 165. Is h composite?
False
Let v(q) = -3*q**2 - 4*q. Let c(r) = r**3 - 1. Let l(n) = -3*c(n) - v(n). Is l(-2) a prime number?
True
Suppose -62 = -l + 39. Suppose -3*u - h = h - l, -3*u + 95 = -4*h. Is u a prime number?
False
Suppose 3*q - 7*q + 1164 = 0. Is q a prime number?
False
Suppose 2*p - 41 = -h, -2*h - 3*h + 5*p + 265 = 0. Let m = 72 - h. Is m a prime number?
True
Suppose 0 = -5*q - 2*w + 6155, -6135 = -8*q + 3*q + 2*w. Is q composite?
False
Suppose -3*f + 689 + 640 = 0. Is f a prime number?
True
Suppose -3*k - u + 1171 = k, 5*k - 2*u - 1467 = 0. Is k a prime number?
True
Suppose 5*t = -10, 4*p - 6 = 3*t + 8. Is p a prime number?
True
Let o(l) = 5*l**2 - 13*l + 13. Let a(c) = 11*c**2 - 25*c + 26. Let z(r) = -3*a(r) + 7*o(r). Let q be (-2 + 5)*3 - -1. Is z(q) a composite number?
False
Suppose -20 = -2*n + 30. Suppose 5*a = -3*k + 125, -a - n = -2*a - 4*k. Suppose 74 = x + a. Is x a composite number?
True
Let q(v) = -v**2 + 8*v + 7. Let c be q(9). Is c/10 - (-2032)/10 a composite number?
True
Let r(t) = -6*t - 4. Let d(k) = -3*k - 2. Let i(v) = 13*d(v) - 6*r(v). Let b be i(-2). Suppose -n - 87 = -b*a, 3*a - 13 = 2*a + 2*n. Is a a composite number?
False
Let b = 36 + -51. Let r = -5 - b. Is r a composite number?
True
Let q(c) = -16*c**3 + c**2 + c + 1. Is q(-2) a composite number?
False
Suppose 0 = 4*u + 4*r - 22 + 54, -2*u = r + 11. Let g = 5 + u. Suppose g*y = -0 + 12. Is y prime?
False
Let s = -2570 - -5211. Is s a composite number?
True
Let p = -344 - -2455. Is p a prime number?
True
Is 489 - 2*1/(-1) prime?
True
Suppose 0*m = m - 180. Suppose 3*b - 5*j - 4 - m = 0, 4*j + 8 = 0. Is b a composite number?
True
Let z(v) = v**3 + 6*v**2 - 2*v - 9. Let w be z(-6). Suppose w*h = -2*h - 5. Let f(k) = 2*k**2 - 2*k - 1. Is f(h) composite?
False
Suppose 6*a = a. Is (-47 - 6)/(a + -1) composite?
False
Suppose 2 = x - 0. Is 597/(-6)*(-4 + x) a composite number?
False
Suppose -s + t = -3*s + 660, 3*t = -4*s + 1318. Is s a prime number?
True
Let m be 2 + 3/3*1. Suppose 0 = m*a - 187 - 62. Is a a prime number?
True
Let d(f) = 2*f**2 + 7*f + 13. Let n be d(-10). Suppose z + 2*g - n = 24, g + 161 = z. Is z a composite number?
False
Suppose -2*d - 2*d = -72. Let s be d/4 + 2/(-4). Is 1486/10 + s/10 prime?
True
Let j = -7 - -7. Let y = -5 - j. Is (194 + 0)*y/(-10) a composite number?
False
Suppose -4*d + 2*h = -5812, -4397 = -5*d + h + 2871. Is d a composite number?
True
Let v(o) = 2*o - 14. Let s be v(8). Is (s/6)/((-5)/(-5835)) a prime number?
True
Let b = 7 - 67. Let t be (b + 3)/((-6)/8). Let r = t + -39. Is r prime?
True
Let s = 7 - 5. Suppose -3*w + s*g = -w + 104, -4*w + 2*g = 204. Let b = 183 + w. Is b a prime number?
False
Let w(o) be the second derivative of o**5/20 - 5*o**4/12 + 5*o**3/6 + 4*o**2 - 5*o. Is w(6) composite?
True
Suppose a + 662 = 3*p, -4*p - a = -710 - 175. Is p a prime number?
False
Let g = -84 - -121. Is g a composite number?
False
Suppose -2*d = -1 - 1. Let v = 2 - d. Is -1 + 3 - (v - 12) composite?
False
Suppose 4*p + 1 - 9 = 0. Let v be 34*(p + 2) - 2. Suppose -2*o = -4*o + v. Is o a composite number?
False
Let n(x) be the third derivative of x**4/12 - x**3 - x**2. Let u be n(5). Suppose -82 = -u*l + 3*o, -3*o + 32 = l + l. Is l a prime number?
True
Suppose 180 = 4*k - 8*k. Let v = k + 82. Is v a composite number?
False
Let p(i) = -69*i - 2. Is p(-1) a composite number?
False
Let q be (0 + (-1)/2)*0. Suppose -j + 80 - 23 = q. Let y = 80 - j. Is y prime?
True
Suppose 28 = 5*n - 2*i, 5*i + 41 = 3*n + 9. Suppose -262 = -6*o + n*o. Is o a composite number?
False
Let m(z) = 4*z - 8*z**2 - 5 - z**3 - 2*z - 3*z - 4*z. Is m(-8) prime?
False
Suppose -4*q - 1 = -3*q - 2*g, 7 = q + 2*g. Suppose q*z - 49 = -2*l, 0 = 4*z + l - 26 - 31. Is z a prime number?
True
Suppose -2*g - 6 = -4*g. Suppose 4*j - 25 = -g*h, -2*h - 3*j = -6*j - 11. Is h a prime number?
True
